hat is the greatest common factor of 28 and 5376?
28
What is the greatest common factor of 213 and 12?
3
Calculate the highest common factor of 3066 and 42.
42
What is the greatest common divisor of 26 and 377?
13
What is the greatest common factor of 416 and 39?
13
Calculate the highest common factor of 550 and 850.
50
Calculate the greatest common divisor of 1029 and 21.
21
What is the greatest common factor of 63 and 10269?
63
Calculate the highest common divisor of 190 and 30.
10
What is the greatest common factor of 13284 and 243?
81
What is the highest common divisor of 432 and 592?
16
Calculate the highest common factor of 60 and 120180.
60
What is the greatest common divisor of 1215 and 15?
15
What is the highest common divisor of 315 and 27?
9
Calculate the highest common factor of 1120 and 315.
35
Calculate the greatest common factor of 1963 and 13.
13
What is the highest common factor of 39 and 26091?
39
Calculate the highest common divisor of 280 and 18.
2
What is the greatest common factor of 5552 and 32?
16
What is the highest common divisor of 13230 and 1350?
270
Calculate the highest common divisor of 10 and 44.
2
Calculate the greatest common factor of 6222 and 204.
102
Calculate the greatest common factor of 18 and 3267.
9
What is the highest common factor of 923 and 71?
71
What is the highest common factor of 44 and 1584?
44
What is the greatest common divisor of 6 and 942?
6
What is the highest common factor of 36 and 6876?
36
Calculate the highest common divisor of 350 and 2660.
70
What is the greatest common divisor of 10 and 13600?
10
What is the highest common divisor of 360 and 240?
120
What is the highest common divisor of 34 and 85?
17
What is the greatest common factor of 12 and 342?
6
What is the greatest common factor of 36 and 81?
9
Calculate the highest common divisor of 6 and 21.
3
What is the highest common factor of 208 and 169?
13
Calculate the highest common factor of 140 and 196.
28
Calculate the highest common divisor of 1024 and 176.
16
What is the greatest common divisor of 16 and 4?
4
What is the greatest common divisor of 416 and 130?
26
What is the greatest common factor of 361 and 38?
19
Calculate the greatest common factor of 14464 and 678.
226
Calculate the highest common divisor of 22 and 22.
22
What is the greatest common factor of 384 and 8?
8
Calculate the greatest common divisor of 1911 and 39.
39
What is the highest common factor of 1722 and 105?
21
Calculate the greatest common divisor of 22356 and 138.
138
What is the greatest common divisor of 35666 and 17?
17
Calculate the greatest common factor of 22 and 6391.
11
What is the greatest common factor of 16 and 400?
16
Calculate the greatest common factor of 30 and 615.
15
What is the greatest common divisor of 2065 and 35?
35
What is the highest common divisor of 3493 and 7?
7
What is the greatest common divisor of 9864 and 45?
9
Calculate the highest common divisor of 183 and 488.
61
What is the highest common divisor of 62 and 217?
31
Calculate the greatest common divisor of 14 and 4.
2
Calculate the greatest common factor of 8895 and 15.
15
Calculate the highest common divisor of 279 and 9.
9
Calculate the greatest common factor of 512 and 48.
16
What is the highest common factor of 4509 and 1336?
167
What is the highest common divisor of 91 and 13?
13
What is the highest common divisor of 21 and 105?
21
What is the greatest common factor of 286 and 11?
11
Calculate the highest common divisor of 4 and 7604.
4
Calculate the highest common factor of 1 and 2255.
1
What is the greatest common divisor of 61401 and 97?
97
What is the greatest common divisor of 56 and 763?
7
Calculate the highest common divisor of 316 and 237.
79
Calculate the highest common divisor of 17 and 2.
1
Calculate the greatest common divisor of 3825 and 17.
17
What is the greatest common divisor of 1864 and 128?
8
What is the greatest common factor of 10 and 310?
10
What is the highest common factor of 1333 and 387?
43
What is the highest common factor of 60 and 100?
20
Calculate the greatest common divisor of 60 and 1290.
30
What is the greatest common divisor of 96 and 8880?
48
What is the greatest common factor of 353 and 49067?
353
Calculate the greatest common divisor of 120 and 15.
15
What is the highest common factor of 232 and 5162?
58
Calculate the greatest common factor of 215 and 50.
5
Calculate the greatest common divisor of 304 and 1140.
76
What is the greatest common factor of 1652 and 28?
28
Calculate the highest common factor of 26 and 26.
26
What is the greatest common divisor of 200 and 375?
25
Calculate the greatest common factor of 984 and 1353.
123
Calculate the greatest common divisor of 9 and 5.
1
What is the greatest common factor of 364 and 756?
28
Calculate the greatest common divisor of 1495 and 115.
115
What is the highest common factor of 52 and 52?
52
Calculate the highest common divisor of 10 and 515.
5
Calculate the highest common factor of 1344 and 952.
56
Calculate the highest common divisor of 420 and 14070.
210
Calculate the greatest common divisor of 8968 and 171.
19
What is the highest common factor of 2058 and 14?
14
Calculate the highest common factor of 143 and 22.
11
What is the greatest common divisor of 464 and 2800?
16
Calculate the highest common divisor of 45 and 423.
9
Calculate the greatest common factor of 126 and 672.
42
Calculate the greatest common factor of 236 and 72.
4
Calculate the greatest common factor of 187 and 1199.
11
What is the greatest common divisor of 31 and 992?
31
Calculate the highest common factor of 14 and 581.
7
Calculate the greatest common factor of 4 and 17600.
4
What is the greatest common factor of 71 and 1?
1
Calculate the highest common factor of 760 and 80.
40
What is the greatest common divisor of 117 and 9711?
117
Calculate the greatest common factor of 441 and 98.
49
What is the greatest common divisor of 949 and 292?
73
Calculate the highest common divisor of 1008 and 225.
9
What is the greatest common divisor of 1743 and 7968?
249
What is the greatest common factor of 8 and 42184?
8
What is the greatest common divisor of 16 and 64?
16
Calculate the greatest common divisor of 5335 and 97.
97
What is the greatest common factor of 45 and 135?
45
What is the highest common divisor of 43245 and 45?
45
Calculate the greatest common divisor of 2667 and 42.
21
Calculate the highest common factor of 87 and 696.
87
Calculate the greatest common divisor of 2080 and 910.
130
Calculate the greatest common factor of 4896 and 17.
17
What is the highest common divisor of 216 and 1026?
54
What is the greatest common factor of 99 and 6?
3
What is the highest common factor of 207 and 391?
23
What is the highest common divisor of 14 and 154?
14
What is the greatest common divisor of 59 and 1180?
59
Calculate the highest common factor of 26 and 286.
26
Calculate the highest common factor of 252 and 189.
63
Calculate the greatest common divisor of 4704 and 1792.
224
What is the highest common factor of 56 and 684?
4
What is the greatest common divisor of 2625 and 945?
105
What is the highest common divisor of 3745 and 35?
35
What is the greatest common factor of 26 and 286?
26
Calculate the highest common divisor of 3379 and 981.
109
What is the greatest common divisor of 30 and 354?
6
What is the greatest common divisor of 326 and 2934?
326
What is the highest common divisor of 19 and 7030?
19
Calculate the highest common factor of 630 and 168.
42
Calculate the highest common factor of 512 and 32.
32
What is the highest common factor of 190 and 475?
95
What is the highest common divisor of 402 and 8?
2
What is the greatest common factor of 5306 and 14?
14
What is the highest common divisor of 2590 and 210?
70
What is the highest common divisor of 341 and 55?
11
Calculate the greatest common divisor of 264 and 58872.
264
Calculate the greatest common factor of 362 and 6.
2
Calculate the highest common factor of 1651 and 13.
13
What is the greatest common factor of 47 and 17531?
47
What is the highest common factor of 1536 and 6?
6
What is the highest common divisor of 33 and 627?
33
Calculate the greatest common divisor of 2 and 35.
1
Calculate the highest common divisor of 352 and 44.
44
Calculate